{"id":12,"date":"2016-02-01T15:32:21","date_gmt":"2016-02-01T14:32:21","guid":{"rendered":"http:\/\/zuschlag-und-brunk.de\/?page_id=12"},"modified":"2021-09-15T15:40:49","modified_gmt":"2021-09-15T13:40:49","slug":"anmeldung","status":"publish","type":"page","link":"https:\/\/zbk-gimbsheim.de\/index.php\/anmeldung\/","title":{"rendered":"Anmeldung"},"content":{"rendered":"<p>Wir bitten um telefonische oder m\u00fcndliche Terminvereinbarung.<\/p>\n<p><b>Es ist unser Bem\u00fchen, Ihre Termine einzuhalten.<\/b><\/p>\n<p>Jedoch kann es auch vorkommen, da\u00df es zu individuellen zeitlichen Verschiebungen kommt. Daf\u00fcr bitten wir Sie um Ihr Verst\u00e4ndnis.<\/p>\n<p>Bei <b>akuten Erkrankungen bzw. Notf\u00e4llen<\/b> werden wir Sie schnellstm\u00f6glich behandeln.<\/p>\n","protected":false},"excerpt":{"rendered":"<p>Wir bitten um telefonische oder m\u00fcndliche Terminvereinbarung. Es ist unser Bem\u00fchen, Ihre Termine einzuhalten. Jedoch kann es auch vorkommen, da\u00df es zu individuellen zeitlichen Verschiebungen kommt. Daf\u00fcr bitten wir Sie um Ihr Verst\u00e4ndnis. Bei akuten Erkrankungen bzw. Notf\u00e4llen werden wir Sie schnellstm\u00f6glich behandeln.<\/p>\n","protected":false},"author":1,"featured_media":0,"parent":0,"menu_order":50,"comment_status":"closed","ping_status":"closed","template":"","meta":[],"_links":{"self":[{"href":"https:\/\/zbk-gimbsheim.de\/index.php\/wp-json\/wp\/v2\/pages\/12"}],"collection":[{"href":"https:\/\/zbk-gimbsheim.de\/index.php\/wp-json\/wp\/v2\/pages"}],"about":[{"href":"https:\/\/zbk-gimbsheim.de\/index.php\/wp-json\/wp\/v2\/types\/page"}],"author":[{"embeddable":true,"href":"https:\/\/zbk-gimbsheim.de\/index.php\/wp-json\/wp\/v2\/users\/1"}],"replies":[{"embeddable":true,"href":"https:\/\/zbk-gimbsheim.de\/index.php\/wp-json\/wp\/v2\/comments?post=12"}],"version-history":[{"count":3,"href":"https:\/\/zbk-gimbsheim.de\/index.php\/wp-json\/wp\/v2\/pages\/12\/revisions"}],"predecessor-version":[{"id":177,"href":"https:\/\/zbk-gimbsheim.de\/index.php\/wp-json\/wp\/v2\/pages\/12\/revisions\/177"}],"wp:attachment":[{"href":"https:\/\/zbk-gimbsheim.de\/index.php\/wp-json\/wp\/v2\/media?parent=12"}],"curies":[{"name":"wp","href":"https:\/\/api.w.org\/{rel}","templated":true}]}}